/3 - 7*u**2/2 + 4*u - 2. Let l be ((-10)/(-3) - 1)*(5 - 2). What is d(l)?
4
Let t(w) = 53*w**2 - 3 + 52*w**2 - w + 6 - 104*w**2. What is t(4)?
15
Let y = 11 + 1. Let m = y - 8. Let l(z) = z**2 - 6*z + 4. Determine l(m).
-4
Let u = 1 - 4. Let c(l) = 594*l - 588*l - 2 - 2*l**2 + 3*l**2. Give c(u).
-11
Let y(t) = t**2. Let j(p) = 4*p**2 - 6*p - 6. Let d(r) = -j(r) + 5*y(r). Let q be -5 + 9 - (0 + 8). Determine d(q).
-2
Let u(q) be the third derivative of -q**5/60 + q**4/12 + 4*q**2. What is u(3)?
-3
Suppose a = 3*a + 2*q, -3*q = -a + 8. Let g(v) = -v**3 - 4*v**a + 4 + 7*v - 6 - v. What is g(-5)?
-7
Let o(j) = -j - 2. Let z be o(-4). Let m(c) = 0*c - z*c + 3*c - 2*c. Suppose 5*u = -t + 3*u - 6, -u - 3 = -3*t. Determine m(t).
0
Let i = -24 - -52. Let g be (-3)/(-9) - i/(-6). Let z(k) = k**3 - 6*k**2 + 3*k - 3. What is z(g)?
-13
Let k be (1/3)/((-1)/(-9)). Let t(p) = -2*p - 9 - p**2 + 7 + k*p**2. Let o(l) = l**3 - l**2 - l - 2. Let u be o(0). Determine t(u).
10
Suppose 4*o + 4 = -2*k, -2*o + k = -0*k - 6. Let m be (-6)/4*(-238)/51. Let g(n) = 2 + 0*n + o - n - m. Give g(3).
-7
Suppose -2*q - 1 + 5 = 0. Suppose -v + 2 + q = 0. Let o(s) = s - 6. Determine o(v).
-2
Let z(n) be the first derivative of -n**4/4 - n**3/3 - n**2 - 2*n + 1. Suppose 10 = t - 6*t. Determine z(t).
6
Let m(i) be the first derivative of i**4/4 - 4*i**3/3 + i**2 - i - 19. Give m(4).
7
Let z(d) = 2*d - 4. Let r be 0*1/4 - -4. Suppose -r = -4*j + 8. Give z(j).
2
Suppose 18 = 2*u + u. Let g(x) be the third derivative of -x**6/120 + x**5/12 + x**4/8 + 4*x**3/3 + x**2. Calculate g(u).
-10
Let v(t) be the second derivative of t**5/20 - t**4/2 - 7*t**3/6 + 5*t**2/2 + 3*t. Let z be v(7). Let k(g) = -g**2 + 3*g + 5. What is k(z)?
-5
Let o be (-2)/(-2) - (2 + -8). Let y be 18/63 - 51/o. Let l(t) = -t**3 - 7*t**2 + 2*t + 10. Give l(y).
-4
Suppose r = -r + 14. Let y = 3 - r. Let a(f) = -f**2 - 9*f - 11. Let n(q) = q**2 + 8*q + 10. Let j(u) = -5*a(u) - 6*n(u). Give j(y).
-9
Let s(h) = -2*h - 2. Let m(f) = -2*f**3 - f**2 + 2*f - 2. Let c be m(1). What is s(c)?
4
Let w = -10 + 19. Let i = w + -7. Let y(a) = 3*a - 4 - 3*a**2 + a**2 + 5*a**2 - a**i. Determine y(-3).
5
Suppose -a = m - 4, 7*a + 5 = 3*m + 3*a. Let g(i) = -2*i. Give g(m).
-6
Let h(y) = 2 + 5*y**3 - y**3 - 3*y**2 + 0*y**2 - 2*y**3. What is h(2)?
6
Let m(r) = -r**3 + 3*r**2 + 4*r - 2. Let p(x) = x**2 + 2*x + 1. Let y = 2 - 3. Let q be p(y). Let l = 4 + q. Determine m(l).
-2
Let y(d) be the first derivative of -d**7/840 - d**6/72 - d**4/6 - d**3/3 - 2. Let m(h) be the third derivative of y(h). Calculate m(-5).
-4
Let o(a) = -a + 1. Let y be o(0). Suppose y = -s - 2. Let l(n) = 5*n**2 + 2*n. Let w(g) = 6*g**2 + 2*g. Let d(f) = -5*l(f) + 4*w(f). Calculate d(s).
-3
Let q(l) = -4*l + 6. Let n(t) = t + 1. Let y(z) = -3*n(z) - q(z). Suppose -17*v + 8*v + 36 = 0. Determine y(v).
-5
Let j(a) = a - 1. Let n be j(0). Suppose 4*u - 1 = 3*u. Let h = u - n. Let f(b) = -b. What is f(h)?
-2
Let x(r) be the second derivative of r**7/2520 + 7*r**6/720 + r**5/40 - r**4/12 - 3*r. Let t(w) be the third derivative of x(w). Calculate t(-6).
-3
Let z be (1 - (-1 - 3))/(-1). Let d(q) = -q**3 - 4*q**2 + 6*q + 6. Calculate d(z).
1
Suppose 2*p = p - 4, z - 4*p = 20. Let j(i) be the third derivative of 4*i**2 - 7/24*i**4 + 1/120*i**6 + 0 + 5/6*i**3 + 0*i - 1/30*i**5. Determine j(z).
9
Let x be (285/20)/19*8. Let y(o) = -3 + 0*o + o + 2. Give y(x).
5
Let j = 60 + -57. Let n(r) = r**3 - 3*r**2 + 3*r - 3. What is n(j)?
6
Let g(z) = z**2 - 4*z - 2. Suppose -1 = -2*k - 3. Let u(b) = 2*b**2 - 5*b + 3. Let y be u(3). Let l = y + k. Calculate g(l).
3
Let l(y) be the first derivative of y**5/30 - y**4/12 + y**3/2 - y**2 - 3. Let b(d) be the second derivative of l(d). Calculate b(2).
7
Suppose 2*s + 0 - 16 = -3*b, 4*b + 3*s - 23 = 0. Suppose 3 = b*c - l - 15, -c + 9 = 2*l. Let a(o) = -4*o**2 - 3 + 5*o + 4 - o**3 - c*o - 2. Determine a(-3).
2
Let i(c) be the second derivative of -c**3/3 + 13*c**2/2 - c - 11. Determine i(9).
-5
Let d(z) = -2*z + 4. Let x be (3 - (2 - 0))/((-1)/(-8)). What is d(x)?
-12
Suppose 4*q = 3*n + 62, -5*n - 3*q + 2*q - 65 = 0. Let v be 16/24 + n/(-6). Let p(c) = 0*c - c**3 + 3*c**2 + 0 + 3*c - 2. Determine p(v).
7
Let i(n) = n**2 + 7*n + 2. Let s be ((-7)/14)/(2/28). What is i(s)?
2
Let t(v) be the second derivative of -v**4/12 + 5*v**3/6 + 9*v. Calculate t(3).
6
Let n(q) = q**3 + q**2 - 4. Let r be 63/7 - 2/2. Suppose -8 = -3*t - 2*h, t - 2*h = -t - r. What is n(t)?
-4
Let c(m) = -16*m - 10. Let q(d) = -3*d - 2. Let o(r) = -2*c(r) + 11*q(r). Suppose -h + 2 + 6 = w, -2*h + 20 = 3*w. Calculate o(h).
-6
Let y(c) be the second derivative of -c**4/12 - c**3/6 + c**2/2 - 18*c. Calculate y(-2).
-1
Let x = -5 + 7. Let s(h) = -h + 1 - h + 3*h. Give s(x).
3
Let p = 1 + 4. Suppose 3*i + v + 0*v - p = 0, -4*i - 3*v = 0. Let q(t) = -4*t + 3. Determine q(i).
-9
Let d(p) = 11*p - 9. Let y be (-2)/3 - (-14)/(-6). Let h(l) = -6*l + 4. Let z(r) = y*d(r) - 5*h(r). Let a = 4 - -1. Give z(a).
-8
Let c(j) = -25*j**3 - 1 + 7*j**2 + 24*j**3 + 1 - 4*j. Let t(k) = -6*k**3 + 36*k**2 - 19*k - 1. Let g(a) = 11*c(a) - 2*t(a). Give g(-6).
2
Let z(k) = -k**3 + 4*k**2 + 6*k - 4. Let p be z(5). Let l(r) = 6*r**3 + r**2 + r - 1. Calculate l(p).
7
Let j(r) = -2*r**2 + 3*r + 3. Suppose -2*z + 2*i = i - 25, -3*z + i = -35. Suppose -6*b + b = z. Calculate j(b).
-11
Let q(i) = 0 + i**2 - 5*i + 1 + 3. Let l be 6 + -4 + 1 + 2. Determine q(l).
4
Let w be 5/4 - 3/12. Suppose -2*n - 11 = -7*n + g, 3*g + 3 = 5*n. Let q(v) = -3 + n*v + v + 2. Give q(w).
3
Let m(t) = -t**2 + 1. Let g(n) = -n + 1. Let h(f) = g(f) - m(f). Determine h(4).
12
Let k(i) = -i**3 + 4*i**2 - 4. Let t(q) = -q**3 - 43*q + 44*q + 0*q**2 - q**2. Let r(p) = k(p) - 2*t(p). Calculate r(-6).
8
Let x(i) = -5*i**3 + 7*i**2 + 3*i - 11. Let f(y) = y**3 - y**2 + 2. Let t(j) = 4*f(j) + x(j). Calculate t(4).
-7
Let p be (1/2)/(6/(-60)). Let u(c) = -c**3 + 11*c**2 - 15*c**2 + 2*c + 3*c + 6 + 0*c**3. What is u(p)?
6
Let j(s) be the third derivative of s**6/20 + s**4/24 - s**3/6 + 5*s**2. Let i = -6 - -7. Calculate j(i).
6
Let f(x) = -5*x**2 - 5*x + 9. Let z(u) = -u**2. Let h(g) = f(g) - 4*z(g). Calculate h(-7).
-5
Let q = 11 + -10. Let p be 0/q + 1 + 1. Let l(z) = -z**3 + 2*z**2 - 1. Determine l(p).
-1
Let i(o) = -o**2 - o + 1. Let n be (15/(-5))/(-1 + 2). Calculate i(n).
-5
Let l(q) = -q**3 + q**2 + q + 1. Let s(k) = -2*k**3 + 11*k**2 + 11*k + 4. Let g(v) = -3*l(v) + s(v). Calculate g(-7).
-6
Let q be 3/(1/(-4 - -5)). Let b(i) = -i**3 + 3*i**2 - 4*i + 3. Give b(q).
-9
Suppose -2*p + 0*p = 0. Let u(c) = -8*c - 35. Let s(j) = 3*j + 12. Let o(w) = -2*w**2 + 4. Let a be o(2). Let y(r) = a*u(r) - 11*s(r). Give y(p).
8
Let a(v) be the second derivative of -v**4/12 + v**3 - v**2 - v. Let u = -40 + 29. Let g = u + 15. Calculate a(g).
6
Let q(r) be the second derivative of r**3/2 - 3*r**2/2 - 4*r. Suppose 3*s + 12 = 3. What is q(s)?
-12
Let z(y) = -y**2 - y - 2. Let k(d) = -d**2 - 5*d + 4. Let c be k(-6). Calculate z(c).
-4
Suppose 5*u + 3*i - i - 2 = 0, 5*i = u - 22. Let o(z) = 5*z + 2. What is o(u)?
12
Let y(r) = r**2 + r - 3. Suppose 5*v = -3*w + 5 + 1, 0 = -v - 2*w + 4. Let f be 1/2*(v - 0). Calculate y(f).
-3
Suppose 0 = r - 10 + 1. Let b(u) = u**2 - 9*u. Calculate b(r).
0
Let q(b) = -4*b**2 - 5*b + 3*b**2 - 4 + 3*b**2. Let c = 19 - 31. Let s be c*(2/3)/(-2). Determine q(s).
8
Let a(p) be the second derivative of p**4/12 - p**3/6 + 15*p. Let y = -8 - -6. What is a(y)?
6
Let m(w) = 9 + 2*w**2 - 5 - 3*w**2 - 5 - w. Give m(0).
-1
Suppose -2*h - 11 = -1. Let u(f) = f + 11. Give u(h).
6
Let f(a) = a**2 - 11*a + 4. Let j be f(11). Let p(i) = 2*i**2 - 5*i - 3. Calculate p(j).
9
Let l(q) = 0*q + 0*q**2 - 2 - q**2 + 0*q - 2*q. Let s be l(-3). Let h(j) = -j**3 - 6*j**2 - 5*j - 1. Determine h(s).
-1
Let d be 2/((-3)/(-1 - 2)). Let h(q) = q**3 - 17*q + 15*q - 3 - 1 - q**d. What is h(3)?
8
Suppose 2*m = 5*m + 3*d + 6, -4*d + 19 = -5*m. Let y(t) be the third derivative of t**5/30 + t**4/6 + t**2. What is y(m)?
6
Let r(a) = -a**2 + a**3 + 0*a**2 + 0*a**3. Give r(2).
4
Let h(y) = y**3 - 6*y**2 + 7*y - 2. Let m(k) = 44*k + 0 - 45*k + k**2 + 0. Let j(o) = -h(o) - 3*m(o). Give j(3).
-10
Let b = 8 + -48. Let n be 48/b*-5*1. Let c(x) = -4 - x**2 + x + n*x - 